9*s**2 + 39*s - 82. Let g be z(40). Calculate the greatest common divisor of 228 and g.
114
Suppose 4*x + 449 - 557 = -2*a, 4*x - a = 126. Calculate the greatest common factor of x and 1070.
10
Suppose 5*j = -d + 8*j + 14, -3*d = j - 12. Suppose -5*m + 4*z + 659 = 0, -d*m + 0*m - 3*z + 687 = 0. Calculate the greatest common divisor of m and 60.
15
Let g(x) = x**2 + 8*x - 2*x + 31 + 8 - 19*x. Let y be g(12). Suppose -3*r = -5*l + 2*l - 63, 39 = 3*r + 5*l. Calculate the greatest common divisor of y and r.
9
Let s be ((-8)/(-56))/((-3)/21) + 1 + 2958. Calculate the greatest common factor of s and 29.
29
Suppose -468*h + 464*h - 94 = -5*d, 20 = 5*h. Calculate the greatest common divisor of 42526 and d.
22
Let m(l) = -7*l - 249. Let k be m(-37). Suppose w = 10*n - 14*n + 110, -3*n + 94 = -5*w. Calculate the highest common divisor of k and n.
2
Let q be 62/(-8) + (-1)/4. Suppose 3*v = 5*z + v + 48, -4*v - 44 = 4*z. Let u = q - z. Calculate the highest common factor of u and 2.
2
Suppose i - 5*z + 12 = 0, -4*z = -8*z + 8. Let g be 70/175*(-20)/i. What is the highest common divisor of 28 and g?
4
Let u be 240/(((-12)/(-9))/((-40)/(-30))). What is the greatest common factor of 330 and u?
30
Suppose -2*m - 24 = -6*m - p, -3*m = -4*p + 1. Suppose -245 = 4*u - m*f, 2*u + f + 139 = -2*f. Let d = u + 101. Calculate the highest common factor of d and 4.
4
Let y be 35/(-28)*(-24 + 12)*(6 + 0). What is the greatest common divisor of y and 10?
10
Let y(g) be the second derivative of -4*g**3 + 203*g**2 - 104*g - 1. Let q be y(14). What is the highest common divisor of q and 70?
70
Let g = -93454 + 93465. Let h(v) = v - 4. Let r be h(6). Suppose -5*q = -r*m + 1, 2*q + 2 + 2 = 2*m. What is the highest common factor of g and q?
1
Suppose -3*v = -3*u - 7*v + 1872, -3*v + 9 = 0. Let l = u + 52. Calculate the greatest common divisor of l and 42.
42
Let c(t) = -17*t + 190. Let d be c(8). Let w be 3/(-15) + (-386)/(-5). Suppose -3*x - 23 = -w. What is the greatest common divisor of x and d?
18
Let d = 493 + -479. Let c be 21/((-3)/170*-5). Calculate the highest common divisor of c and d.
14
Suppose -14514 = 27*p - 86*p. Calculate the greatest common factor of 3034 and p.
82
Suppose -5*l + 192 + 12 = -4*z, -3*l = z + 68. Let g be (-14 - -9) + z/(-2). Let b be 118 - (-3)/2*-2. Calculate the greatest common divisor of g and b.
23
Let b be ((-2)/(-4))/(93442/(-93480) + 1). What is the greatest common divisor of 165 and b?
15
Let o = 35873 - 21761. Calculate the highest common factor of 6 and o.
6
Let y = -8627 + 8797. What is the greatest common divisor of 270 and y?
10
Suppose 36*s - 216 - 1044 = 0. What is the greatest common divisor of s and 350?
35
Suppose 60 = 7*k - k. Suppose 4*x = -k*x + 532. Calculate the highest common factor of x and 342.
38
Let b = 788 - 739. What is the highest common factor of b and 6174?
49
Suppose -2975 = -27587*u + 27582*u. What is the highest common divisor of u and 833?
119
Suppose 0 = -45*p + 61*p - 33856. Let z = p + -1009. What is the greatest common divisor of z and 41?
41
Let a(m) = -4*m + 40. Let l be a(10). Suppose -3*j + 8*j - 15 = l. Calculate the greatest common factor of j and 4.
1
Let y(c) = c**2 + 27*c - 746. Let n be y(-45). Calculate the greatest common divisor of n and 1104.
16
Let c be 1/(-1) - -9 - -1. Let j = 15 - c. Suppose 5*w + 334*z - 335*z = 0, -5*z + 52 = w. What is the greatest common divisor of j and w?
2
Let r = -271 - -379. Let c = r - -96. What is the greatest common divisor of 24 and c?
12
Let m(u) = -13*u**3 + 3*u + 4. Let s be 1/4 + -1 - 195/156. Let a be m(s). Calculate the highest common factor of a and 153.
51
Let l be (565/(-15))/((-4)/12) - 9. Calculate the highest common factor of l and 11492.
52
Let n(t) = -24*t - 319. Let i be n(-32). Let w = -440 + i. Calculate the highest common divisor of 9 and w.
9
Let d = -3940 - -3960. What is the greatest common factor of d and 8660?
20
Suppose 0 = -4*g - 5*f + 2514, -102*g + 3*f - 3149 = -107*g. Let a = g - 611. What is the highest common divisor of a and 10?
10
Suppose 0 = -6*v - 84 - 84. Let w be 8/3*(-16 - v). Let t(u) = -81*u**3 - u**2 - u - 1. Let i be t(-1). Calculate the highest common factor of w and i.
16
Suppose -v - 157*j = -161*j - 293, v + 5*j - 230 = 0. What is the greatest common factor of v and 20?
5
Let u = 102 + -62. Suppose 6*l = 4*l + u. Calculate the highest common divisor of l and 40.
20
Let a(x) = 7*x**2 + 2*x - 3. Let n be a(1). Let b be 64/(-8) + n + 366. Calculate the greatest common divisor of 52 and b.
52
Let h = 4722 - 2859. What is the highest common divisor of 54 and h?
27
Suppose 3*g - 6*g + 3*y = -342, -5*y + 318 = 3*g. Suppose -105*b = -g*b + 300. What is the greatest common divisor of b and 175?
25
Let r be 0/((5/(-3))/((-15)/18)). Suppose -12 = -r*z - z - 4*j, 2*j + 84 = 4*z. What is the highest common divisor of z and 8?
4
Let d(k) = k**3 - 3*k**2 - 17*k - 6. Let c be d(6). Suppose 6*q - 864 - 918 = c. Calculate the greatest common factor of q and 22.
11
Suppose -6*r + 2833 = 133. Calculate the greatest common factor of 54 and r.
18
Let q be ((-20)/28)/(1/(-77)). Suppose w - 5*a = 96, 58*w - a - 274 = q*w. Calculate the highest common factor of 7 and w.
7
Suppose -2*u = -37 + 17. Let y be (u/12)/(11/66). Suppose g + 2 - 13 = 3*h, -y*g + 3*h + 19 = 0. What is the greatest common factor of 2 and g?
2
Let b(k) = -2*k**2 + 56*k - 22. Let p be b(28). Let r = p - -38. What is the greatest common factor of r and 40?
8
Suppose -4*h - 5*k + 10 = -9*h, 0 = 4*h + 3*k - 20. Suppose 4*j - 1298 - 2 = -5*w, -322 = -j - h*w. Calculate the greatest common divisor of j and 55.
55
Suppose 4*j = 109 + 31. Let b(i) = -i**2 + 9*i + 32. Let c(a) = a + 1. Let u(k) = b(k) + 3*c(k). Let p be u(14). What is the highest common factor of j and p?
7
Let w = -8208 - -8607. What is the highest common divisor of 252 and w?
21
Suppose 0 = -2*y + 2*g + 456 + 8, 3*y + 3*g - 660 = 0. What is the highest common factor of y and 2?
2
Let a = 7204 + -7177. Let x be ((-9)/12)/(2/(-72)). Calculate the greatest common factor of a and x.
27
Let o be 2*2/(16/12). Suppose -q - 4*s + 18 = 0, o*q = 4*s - 0*s + 22. What is the greatest common factor of q and 110?
10
Suppose -3*l - w = -177, w + 0*w + 295 = 5*l. Let k = -1652 - -2006. What is the greatest common factor of l and k?
59
Let c be (-1190)/1071 + (-74632)/(-36). What is the greatest common factor of c and 56?
56
Suppose 14*u = -46287 + 49647. What is the greatest common divisor of 345 and u?
15
Let n be (-2 - 68/(-8)) + 2/(-4). Suppose -n*b - 65 = -725. Suppose -5*g = 5*s - b, g = 4*s + 4*g - 84. What is the highest common factor of s and 18?
18
Suppose -4*f - 200 = -c, -493*f = -2*c - 488*f + 424. Calculate the greatest common factor of c and 3973.
29
Let v = -165 + 92. Let x = 99 + v. What is the highest common factor of x and 13?
13
Suppose 5 = a, -a = -2*r + 1021 - 210. What is the greatest common divisor of r and 72?
24
Suppose -993 = -18*t - 210 + 225. What is the highest common divisor of 126 and t?
14
Let p = -906 - -1179. Calculate the highest common divisor of p and 143.
13
Suppose -429 = -g - 2*g + 2*x, -2*x = g - 151. Let v = g + -11. Calculate the greatest common factor of 67 and v.
67
Let h = 3700 + -3535. What is the highest common factor of h and 720?
15
Suppose 25*x = 139 + 61. Suppose 15*k - 658 = x*k. Suppose -r + 705 = 4*r. What is the highest common divisor of k and r?
47
Let s(l) = l**2 + 4. Let v be s(6). Let o(c) = -c**2 - c - 2. Let w be o(0). Let j be 0 + 28/2 - w. What is the highest common divisor of j and v?
8
Let w(q) = 3*q**2 + q + 14. Let y be (15/(-6) - -2) + (-213)/2. Let u = 100 + y. Let j be w(u). Calculate the highest common factor of j and 14.
14
Suppose 13 - 17 = -l. Suppose 3*p = -3*u + 1329, u = -l*p - 4*u + 1767. What is the greatest common divisor of 28 and p?
28
Let t(l) = l**3 - 21*l**2 + 496. Let h be t(20). What is the highest common factor of h and 2976?
96
Let w(k) = k**3 + 23*k**2 - 27*k + 72. Let p = -380 + 356. Let j be w(p). Calculate the greatest common factor of j and 32.
16
Let r be ((-3)/6)/((-1)/(-50)). Let d = 37 + r. Suppose -2*h + 14 = -3*y - 24, -5*y - 42 = -2*h. Calculate the greatest common factor of d and h.
4
Let k(n) = -216*n + 9134. Let c 